- t + 2*a - 8, 2*t + 6 = 4*a. Let w(d) = -8*d - 3 - 1 - 10*d. List the prime factors of w(t).
2, 43
Suppose -20 = 2*b - 6*b, 0 = -3*q - b + 32. Suppose -q*x - 2656 = -17*x. What are the prime factors of x?
2, 83
Suppose 0 = -16*r + 51*r + 350. Let u(c) = c**3 + 16*c**2 + 27*c + 6. What are the prime factors of u(r)?
2, 3, 7
Suppose -12*o = -18*o. Suppose -49*r + 50*r + 137 = o. Let c = 16 - r. What are the prime factors of c?
3, 17
Let n(u) = 80*u**2 + 72*u - 544. What are the prime factors of n(7)?
2, 5, 97
Let f be 3/(-2)*(-200)/12. Let v = 19 - f. What are the prime factors of 1/(v/(-51))*8?
2, 17
Let l be 12*(((-15)/(-9))/(-5) - -1). Suppose -l*s + 2476 - 556 = 0. Suppose 9 = 3*k, 0 = 2*d + d - 2*k - s. What are the prime factors of d?
2, 41
Let j be (-2 + 15/9)*-15. Suppose 2*a + a = -j*y + 475, -3*y - 459 = -3*a. What are the prime factors of a?
5, 31
Let p(k) = -k**2 - 2*k + 39. Suppose -52 = 7*h - 10. Let v be p(h). What are the prime factors of ((-24)/v)/(6/(-735))?
2, 7
Let o(c) = 8*c - 6. Suppose -4*b - 3 = -7*b. Let g be o(b). Suppose k = g*k - 182. What are the prime factors of k?
2, 7, 13
Let r be 8288/208 - (-2)/13. Suppose -222 = 34*n - r*n. What are the prime factors of n?
37
Let i(o) be the second derivative of -o**3/6 + 3*o**2 - 2*o. Let g be i(5). List the prime factors of g/2*(51 - -13).
2
Let m = 329 - 209. Suppose 3*u + 216 = -3*s, -17*s - 3*u = -15*s + 142. Let w = m + s. What are the prime factors of w?
2, 23
Let r be 8/5*(-10)/(-4). Suppose 0 = -o - 4*a + 484, 0 = 2*a + r + 2. What are the prime factors of o?
2, 31
Suppose -14 - 6 = -3*h - a, -a = -5*h + 20. Suppose -h*l + 4*p + 0 = -38, 2*l = p + 17. Suppose 7*b + 102 = l*b. List the prime factors of b.
2, 17
Let r(y) = -3 - 2*y + 10*y**2 + 1 - 2*y. Suppose -113236*d + 113239*d = 9. List the prime factors of r(d).
2, 19
List the prime factors of ((-1)/(-1))/(8/(-97632)*-4).
3, 113
Let i(q) = 16*q - 9. Let c be 1/(2 - 1) - 1*-15. What are the prime factors of i(c)?
13, 19
Suppose -6*y - 70 = -13*y. Suppose 5*u - 10 = y*u. What are the prime factors of (48 + u)/(6/9)?
3, 23
Let l(j) = 43449*j**3 - 5*j**2 + 12*j - 6. What are the prime factors of l(1)?
2, 5, 11, 79
Let h = 409 - 158. Let r = h + -49. List the prime factors of r.
2, 101
Let u be (-4)/(-1) + -4 - 2624. What are the prime factors of (u/(-24))/(-1)*3/(-2)?
2, 41
What are the prime factors of (9084/16)/(90/240)?
2, 757
List the prime factors of (91/(-21))/((-1)/2148*2).
2, 13, 179
Suppose 5*d + 4*u = -93, 3*d + 93 = -d + 3*u. What are the prime factors of (-1997)/d + 8/(-84)?
5, 19
Let m(g) = -g**3 + 16*g**2 + 3*g - 48. Let r be m(16). Suppose r = -9*k + 897 + 201. List the prime factors of k.
2, 61
Let c(g) be the first derivative of 51*g**4/4 - g**3 + 5*g**2 - 2*g + 184. What are the prime factors of c(3)?
2, 13, 53
Let l be -2 - -1*(-57)/3*1. Let b = 21 + l. Suppose 0 = -f - 3*o + 67 + 49, b = -2*o + 8. What are the prime factors of f?
2, 13
Suppose 199 = 5*z + 5*m - 306, z - 2*m = 113. What are the prime factors of (-1932)/10*(-350)/z?
2, 7, 23
Let l(w) = 51 - 23*w + 14 + 12*w**2 - 93 + 49 + 30. What are the prime factors of l(6)?
3, 5, 23
Suppose 58*f + 9589 = i + 59*f, -3*i = -f - 28767. List the prime factors of i.
43, 223
Let p = 5835 + 42526. List the prime factors of p.
137, 353
Suppose 157*i + 161939 = 121*i + 1912763. List the prime factors of i.
2, 24317
Let b(w) = -11*w**3 - 44*w**2 - 33*w - 19. List the prime factors of b(-10).
6911
Suppose -157147 - 211517 = -50*z + 39286. List the prime factors of z.
41, 199
What are the prime factors of (38/(-76))/(-2*3/241212)?
20101
Suppose -86 + 96 = 5*z. Suppose d + z*n - 590 = -n, n = -5*d + 3006. List the prime factors of d.
2, 7, 43
Suppose -285921 - 511396 - 891707 = -38*k. What are the prime factors of k?
2, 3, 463
Let s = -570 + 575. Suppose -4*w + 4*b - 787 = -6303, b + 6883 = s*w. What are the prime factors of w?
2, 43
Suppose -5*k = -2*n - 83 + 772, k = 4*n - 127. Let l = -292 + 503. Let u = l + k. What are the prime factors of u?
2, 3
Let z = 17504 + -13701. List the prime factors of z.
3803
Let g(a) = 76*a**2 + 26*a + 23. What are the prime factors of g(-12)?
5, 2131
Let p = -2 - -6. Let q be 10/2 + (-12)/((-108)/(-45)). Suppose q = -p*w - 10*n + 5*n + 370, 2*n = -5*w + 471. What are the prime factors of w?
5, 19
Let q(r) = -r**3 - 12*r**2 - 18*r + 31. Let c be q(-9). Let b be 12 + 6/(-9)*3. What are the prime factors of (-6)/b - 2730/c?
2, 3
Let v(n) = -3*n**2 + n. Let l be v(0). Suppose 3*m + 59 - 461 = l. Suppose 4*o + 3*y = 6*y + 503, -o - 2*y + m = 0. List the prime factors of o.
2
Let x(g) = -847*g - 1255. What are the prime factors of x(-11)?
2, 29, 139
Suppose 4*n - 2*o = n, -4*n - 5 = -o. Let k be (n/8 - (-10)/8) + 10. List the prime factors of 135 + k - -1*2.
2, 37
Let l(x) = 1820*x - 4605. What are the prime factors of l(13)?
5, 37, 103
Let k(l) be the third derivative of -l**6/720 + 3*l**5/40 + 11*l**4/12 - 4*l**2. Let d(y) be the second derivative of k(y). List the prime factors of d(-4).
13
Suppose -220 = 38*d - 866. Suppose -20*j - d*j + 36593 = 0. What are the prime factors of j?
23, 43
Let v(b) = 8*b**2 - 4*b - 80. Let g be v(18). Suppose a - 961 = 3*h, -5*a + 5*h + g + 2315 = 0. What are the prime factors of a?
2, 11, 43
Suppose -3*s - 5498 = 5*v + s, 2192 = -2*v - 4*s. Let n = v - -2580. List the prime factors of n.
2, 739
Let w(m) be the second derivative of -11*m + 17/2*m**2 - 1/3*m**3 + 0. What are the prime factors of w(-5)?
3
Let s(o) = -4*o**3 - 3*o + 9 + 0*o + 5*o**2 + 7*o - 3. Let u(i) = -3*i**3 + 4*i**2 + 4*i + 5. Let r(w) = -2*s(w) + 3*u(w). List the prime factors of r(-4).
83
Let c(z) = -81*z**2 + 2. Let w(y) = -y - 1. Let g be w(1). Let a be c(g). Let l = -199 - a. List the prime factors of l.
3, 41
Suppose q - 14398 = -5*x, -104*x + 5780 = -102*x + 3*q. List the prime factors of x.
2, 1439
Let u(q) = 4*q + 28. Let l = -49 + 41. Let d be u(l). List the prime factors of (-3 + 2 + -1)*18/d.
3
Let w(n) = -222*n**3 - 5*n**2 - 7*n - 29. Let p be w(-3). Suppose 3*j + p = 5*b, -2*b - 2366 = -4*b - 4*j. List the prime factors of b.
1187
Let i = 665 - 758. What are the prime factors of 7*14/(-21)*i?
2, 7, 31
Suppose -12*w = -8*w - 12. Suppose 0 = 5*i - 5*d - 220, -4*i - 4*d + 201 = -w*d. Suppose 281 = 6*t - i. What are the prime factors of t?
5, 11
Let t(u) = -45*u + 2. Let w be t(-2). Let s = w + 294. List the prime factors of s.
2, 193
Let i = -8948 + 23782. List the prime factors of i.
2, 7417
Let d = 366 + -357. What are the prime factors of 6043/d - 36/81?
11, 61
Let b(s) = -3*s**3 - 25*s**2 + 4*s + 14. Let l be b(-9). Let x = l + 67. List the prime factors of x.
3, 23
Let t(f) = 22*f**2 + 716*f + 7. What are the prime factors of t(-41)?
17, 449
Let l(x) = 8*x**2 - 62*x - 317. What are the prime factors of l(44)?
23, 541
Suppose -2*c = 2*c - 28. Let b(u) = -32 + 6 - c*u + 0. What are the prime factors of b(-5)?
3
Let n be 44/6*(-7)/(28/(-6)). Suppose -7*v = -n*v + 3528. List the prime factors of v.
2, 3, 7
Let s = -334 - -917. Let o = -144 + s. What are the prime factors of o?
439
Let z = 372 + -370. Suppose z*k - 4*t - 397 = -5*t, -5*t - 15 = 0. List the prime factors of k.
2, 5
Suppose 2*v + 494 = a + 6*v, -a = 2*v - 488. Let l = a + -394. What are the prime factors of l?
2, 11
Suppose 2*v = -421 + 403. What are the prime factors of (v/(-3) + 2)*351/5?
3, 13
Let x be (6 + 1)*1/((-42)/(-12)). Suppose 5*w - 2*o = 5457, x*o = w + 7*o - 1086. What are the prime factors of w?
1091
Suppose 109*r - 646734 = 76*r. What are the prime factors of r?
2, 41, 239
Suppose -4*f = 2*l - 6, -f - 2*l = -2 + 5. Let r(t) = 21*t + 37. Let j(u) = -7*u - 12. Let d(k) = f*r(k) + 8*j(k). What are the prime factors of d(12)?
3, 11
Let l(q) = 32*q**2 - 232*q - 337. What are the prime factors of l(33)?
5, 41, 131
Suppose -n - 3*u = -1 - 0, -u = -n + 5. Suppose 5*o - 2725 = -2*g + n*g, o - 557 = -2*g. List the prime factors of o.
547
Let a(l) be the third derivative of -159*l**4/8 + 5*l**3 - 3*l**2 + 30. List the prime factors of a(-1).
3, 13
Let j(r) = -10*r + 6. Let c be j(-11). Suppose -111 = -4*v + 4*w + 37, c = 4*v + 4*w. List the prime factors of (7 - -2)*88/v.
2, 3
Let a = -7 - -11. Suppose 389 = z - a*g - g, -1622 = -4*z - 2*g. Su